782 is divided by 23?
21
Calculate the remainder when 510413 is divided by 152.
149
Calculate the remainder when 578318 is divided by 40.
38
Calculate the remainder when 2904 is divided by 1023.
858
What is the remainder when 20044 is divided by 668?
4
Calculate the remainder when 35016 is divided by 715.
696
What is the remainder when 760103 is divided by 69?
68
What is the remainder when 2821 is divided by 304?
85
What is the remainder when 441627 is divided by 373?
368
Calculate the remainder when 1414 is divided by 25.
14
What is the remainder when 35986 is divided by 5990?
46
What is the remainder when 62955 is divided by 164?
143
What is the remainder when 16779 is divided by 4167?
111
What is the remainder when 53825 is divided by 211?
20
Calculate the remainder when 19438 is divided by 36.
34
What is the remainder when 138571 is divided by 686?
685
Calculate the remainder when 2800 is divided by 465.
10
What is the remainder when 288493 is divided by 52?
49
Calculate the remainder when 13463 is divided by 102.
101
Calculate the remainder when 2010 is divided by 763.
484
What is the remainder when 118 is divided by 36?
10
Calculate the remainder when 38961 is divided by 1298.
21
What is the remainder when 17474 is divided by 17?
15
What is the remainder when 910 is divided by 131?
124
What is the remainder when 27308 is divided by 448?
428
What is the remainder when 512340 is divided by 46?
38
Calculate the remainder when 32156 is divided by 140.
96
What is the remainder when 18507 is divided by 40?
27
Calculate the remainder when 12413 is divided by 53.
11
What is the remainder when 365 is divided by 64?
45
What is the remainder when 21007 is divided by 97?
55
What is the remainder when 13804 is divided by 535?
429
What is the remainder when 1980 is divided by 945?
90
What is the remainder when 43507 is divided by 6215?
2
Calculate the remainder when 31551 is divided by 196.
191
Calculate the remainder when 338622 is divided by 25.
22
What is the remainder when 22916 is divided by 8?
4
Calculate the remainder when 186203 is divided by 71.
41
Calculate the remainder when 701834 is divided by 246.
242
Calculate the remainder when 7639 is divided by 247.
229
What is the remainder when 21074 is divided by 10526?
22
Calculate the remainder when 17903 is divided by 271.
17
What is the remainder when 101906 is divided by 292?
290
What is the remainder when 153711 is divided by 7?
5
What is the remainder when 2408902 is divided by 115?
112
Calculate the remainder when 14312 is divided by 14309.
3
Calculate the remainder when 1299 is divided by 46.
11
Calculate the remainder when 147958 is divided by 31.
26
What is the remainder when 3675 is divided by 152?
27
Calculate the remainder when 593691 is divided by 80.
11
Calculate the remainder when 20376 is divided by 453.
444
Calculate the remainder when 3454 is divided by 36.
34
What is the remainder when 7116498 is divided by 97?
93
What is the remainder when 12052 is divided by 39?
1
What is the remainder when 178660 is divided by 18?
10
Calculate the remainder when 52136 is divided by 31.
25
Calculate the remainder when 39269 is divided by 46.
31
What is the remainder when 1201271 is divided by 400423?
2
What is the remainder when 1744 is divided by 243?
43
Calculate the remainder when 606094 is divided by 36.
34
What is the remainder when 34865 is divided by 6970?
15
What is the remainder when 2651565 is divided by 444?
441
Calculate the remainder when 247993 is divided by 238.
235
What is the remainder when 100150 is divided by 11?
6
What is the remainder when 56246 is divided by 290?
276
Calculate the remainder when 136231 is divided by 259.
256
What is the remainder when 3413 is divided by 1034?
311
Calculate the remainder when 23784 is divided by 29.
4
Calculate the remainder when 12748 is divided by 228.
208
Calculate the remainder when 3102 is divided by 21.
15
Calculate the remainder when 36899 is divided by 82.
81
What is the remainder when 31027 is divided by 57?
19
What is the remainder when 91266 is divided by 571?
477
What is the remainder when 260855 is divided by 1324?
27
What is the remainder when 4596 is divided by 4586?
10
Calculate the remainder when 3293 is divided by 456.
101
Calculate the remainder when 160294 is divided by 22895.
29
What is the remainder when 36668 is divided by 1532?
1432
Calculate the remainder when 209324 is divided by 13.
11
What is the remainder when 1783 is divided by 513?
244
What is the remainder when 213373 is divided by 227?
220
What is the remainder when 13521 is divided by 1892?
277
What is the remainder when 52967 is divided by 5295?
17
Calculate the remainder when 10619 is divided by 1063.
1052
What is the remainder when 4574 is divided by 23?
20
Calculate the remainder when 1942 is divided by 269.
59
What is the remainder when 31719 is divided by 85?
14
Calculate the remainder when 3222 is divided by 163.
125
What is the remainder when 71906 is divided by 6533?
43
What is the remainder when 89670 is divided by 86?
58
What is the remainder when 100811 is divided by 33551?
158
What is the remainder when 1759 is divided by 97?
13
What is the remainder when 12592 is divided by 39?
34
Calculate the remainder when 5446466 is divided by 263.
262
Calculate the remainder when 2694488 is divided by 93.
92
What is the remainder when 389 is divided by 314?
75
Calculate the remainder when 41094 is divided by 3735.
9
Calculate the remainder when 2613 is divided by 322.
37
Calculate the remainder when 61450 is divided by 1173.
454
Calculate the remainder when 366523 is divided by 6664.
3
Calculate the remainder when 81967 is divided by 25.
17
Calculate the remainder when 36328 is divided by 11700.
1228
What is the remainder when 9340 is divided by 2944?
508
Calculate the remainder when 30270 is divided by 60.
30
What is the remainder when 29415 is divided by 45?
30
What is the remainder when 486442 is divided by 21?
19
What is the remainder when 74 is divided by 33?
8
What is the remainder when 933 is divided by 116?
5
What is the remainder when 121131 is divided by 721?
3
What is the remainder when 37671 is divided by 138?
135
What is the remainder when 5350 is divided by 1063?
35
What is the remainder when 276367 is divided by 1063?
1050
What is the remainder when 167558 is divided by 10?
8
What is the remainder when 1814985 is divided by 246?
243
Calculate the remainder when 4480 is divided by 2218.
44
What is the remainder when 274 is divided by 251?
23
Calculate the remainder when 460310 is divided by 63.
32
Calculate the remainder when 13590 is divided by 378.
360
Calculate the remainder when 1153583 is divided by 26.
15
Calculate the remainder when 4232 is divided by 143.
85
What is the remainder when 1950 is divided by 1907?
43
What is the remainder when 6949 is divided by 634?
609
Calculate the remainder when 363312 is divided by 15.
12
Calculate the remainder when 10216 is divided by 2545.
36
What is the remainder when 17295 is divided by 93?
90
What is the remainder when 174562 is divided by 1467?
1456
What is the remainder when 13651 is divided by 59?
22
What is the remainder when 19503 is divided by 9735?
33
Calculate the remainder when 57818 is divided by 104.
98
What is the remainder when 63459 is divided by 14?
11
Calculate the remainder when 254277 is divided by 40.
37
What is the remainder when 13918 is divided by 2219?
604
Calculate the remainder when 337350 is divided by 20.
10
What is the remainder when 12192 is divided by 249?
240
Calculate the remainder when 15052 is divided by 215.
2
What is the remainder when 355667 is divided by 27?
23
Calculate the remainder when 16625 is divided by 157.
140
What is the remainder when 23755 is divided by 355?
325
What is the remainder when 6436 is divided by 87?
85
What is the remainder when 1332748 is divided by 1801?
8
What is the remainder when 7965 is divided by 249?
246
Calculate the remainder when 6763 is divided by 3361.
41
Calculate the remainder when 7073 is divided by 7.
3
Calculate the remainder when 56837 is divided by 1095.
992
What is the remainder when 13179 is divided by 183?
3
Calculate the remainder when 78153 is divided by 15622.
43
Calculate the remainder when 4929 is d